digit of 2202083092?
9
What is the ten millions digit of 34803040?
3
What is the hundred millions digit of 135914499?
1
What is the hundred millions digit of 1048256958?
0
What is the millions digit of 1770496723?
0
What is the ten millions digit of 266761201?
6
What is the hundred millions digit of 524832942?
5
What is the units digit of 1223006043?
3
What is the ten millions digit of 8676957733?
7
What is the hundreds digit of 399765554?
5
What is the hundred millions digit of 132354258?
1
What is the millions digit of 34870048?
4
What is the ten millions digit of 139684966?
3
What is the ten millions digit of 75085795?
7
What is the hundred millions digit of 106555193?
1
What is the hundred thousands digit of 33044619?
0
What is the hundreds digit of 1186953756?
7
What is the units digit of 47626823?
3
What is the thousands digit of 261219078?
9
What is the tens digit of 40150754?
5
What is the units digit of 40660069?
9
What is the units digit of 1536804025?
5
What is the thousands digit of 781780759?
0
What is the hundreds digit of 11433588?
5
What is the hundreds digit of 183664833?
8
What is the hundred thousands digit of 34697297?
6
What is the ten millions digit of 140388929?
4
What is the hundreds digit of 34796196?
1
What is the hundred thousands digit of 46848563?
8
What is the thousands digit of 3305835757?
5
What is the millions digit of 309866437?
9
What is the hundreds digit of 47360808?
8
What is the units digit of 759413961?
1
What is the ten thousands digit of 183949212?
4
What is the thousands digit of 3169726?
9
What is the millions digit of 286621453?
6
What is the ten millions digit of 5628659069?
2
What is the hundred thousands digit of 22399120?
3
What is the tens digit of 954788475?
7
What is the ten millions digit of 972586331?
7
What is the billions digit of 1056106577?
1
What is the thousands digit of 144370205?
0
What is the thousands digit of 51440842?
0
What is the ten millions digit of 298986887?
9
What is the ten millions digit of 818512139?
1
What is the tens digit of 31046914?
1
What is the hundred millions digit of 1238288414?
2
What is the hundreds digit of 51170741?
7
What is the hundreds digit of 4149627987?
9
What is the thousands digit of 5652957298?
7
What is the millions digit of 198497082?
8
What is the ten thousands digit of 8944546549?
4
What is the hundred millions digit of 148165759?
1
What is the ten thousands digit of 459257457?
5
What is the ten thousands digit of 285174037?
7
What is the hundreds digit of 21822821?
8
What is the hundreds digit of 66547012?
0
What is the hundreds digit of 77094740?
7
What is the thousands digit of 2720428940?
8
What is the units digit of 27485825?
5
What is the millions digit of 6085566023?
5
What is the millions digit of 87040565?
7
What is the hundred millions digit of 1017941266?
0
What is the ten thousands digit of 259831139?
3
What is the ten thousands digit of 14718603?
1
What is the ten millions digit of 78876661?
7
What is the tens digit of 47205112?
1
What is the millions digit of 800152054?
0
What is the millions digit of 12012856?
2
What is the ten millions digit of 28839870?
2
What is the millions digit of 1432321294?
2
What is the millions digit of 118830877?
8
What is the hundreds digit of 38038446?
4
What is the ten thousands digit of 3781930851?
3
What is the ten thousands digit of 28157619?
5
What is the millions digit of 146602641?
6
What is the hundreds digit of 1700345353?
3
What is the hundred millions digit of 7867651148?
8
What is the hundreds digit of 25154192?
1
What is the units digit of 812689193?
3
What is the thousands digit of 254549034?
9
What is the hundreds digit of 176245695?
6
What is the units digit of 621696347?
7
What is the units digit of 893342200?
0
What is the thousands digit of 332249589?
9
What is the hundreds digit of 62492739?
7
What is the tens digit of 348178997?
9
What is the units digit of 39970780?
0
What is the hundred thousands digit of 4139182414?
1
What is the thousands digit of 199890787?
0
What is the units digit of 43602083?
3
What is the tens digit of 312485287?
8
What is the thousands digit of 910447143?
7
What is the ten millions digit of 2206991583?
0
What is the thousands digit of 40158396?
8
What is the billions digit of 1304971225?
1
What is the hundreds digit of 593425971?
9
What is the ten thousands digit of 586983285?
8
What is the tens digit of 2543453448?
4
What is the hundreds digit of 205714463?
4
What is the hundreds digit of 35277761?
7
What is the units digit of 1071916985?
5
What is the hundreds digit of 81271100?
1
What is the tens digit of 6990411372?
7
What is the tens digit of 1091679053?
5
What is the hundred millions digit of 341750116?
3
What is the hundred thousands digit of 978041920?
0
What is the thousands digit of 315475737?
5
What is the billions digit of 2102140710?
2
What is the tens digit of 66150696?
9
What is the hundred thousands digit of 2179808835?
8
What is the ten thousands digit of 2125233090?
3
What is the units digit of 1757723369?
9
What is the units digit of 3103218834?
4
What is the hundred millions digit of 1267630101?
2
What is the hundred thousands digit of 3059190956?
1
What is the tens digit of 2466506594?
9
What is the millions digit of 76493050?
6
What is the thousands digit of 4527327571?
7
What is the hundred thousands digit of 37419813?
4
What is the ten millions digit of 69794565?
6
What is the hundred thousands digit of 6879843675?
8
What is the ten millions digit of 660587840?
6
What is the hundred thousands digit of 1629217436?
2
What is the units digit of 382431035?
5
What is the thousands digit of 9375163381?
3
What is the hundred thousands digit of 373947682?
9
What is the tens digit of 50249570?
7
What is the tens digit of 817325454?
5
What is the ten thousands digit of 107594805?
9
What is the ten thousands digit of 34545473?
4
What is the hundred thousands digit of 1609815642?
8
What is the hundred thousands digit of 2997571259?
5
What is the thousands digit of 54085512?
5
What is the units digit of 20773070?
0
What is the millions digit of 5765683348?
5
What is the hundred millions digit of 182036431?
1
What is the thousands digit of 50232439?
2
What is the units digit of 105102647?
7
What is the units digit of 206994589?
9
What is the hundred thousands digit of 77652774?
6
What is the ten thousands digit of 23854281?
5
What is the ten thousands digit of 419003404?
0
What is the tens digit of 130331749?
4
What is the hundreds digit of 3316194208?
2
What is the hundreds digit of 98837425?
4
What is the ten thousands digit of 331881395?
8
What is the millions digit of 125773239?
5
What is the ten millions digit of 421727897?
2
What is the hundred thousands digit of 10542493?
5
What is the ten millions digit of 101946104?
0
What is the hundreds digit of 221637987?
9
What is the ten millions digit of 141997998?
4
What is the hundreds digit of 497275374?
3
What is the thousands digit of 133800065?
0
What is the hundred thousands digit of 2687517397?
5
What is the hundred thousands digit of 3630661?
6
What is the thousands digit of 237212682?
2
What is the millions digit of 78960938?
8
What is the hundred millions digit of 320873532?
3
What is the hundreds digit of 753619781?
7
What is the billions digit of 1323360325?
1
What is the hundreds digit of 370018870?
8
What is the hundred millions digit of 208537019?
2
What is the hundred thousands digit of 33856821?
8
What is the ten millions digit of 31792939?
3
What is the hundred thousands digit of 869174618?
1
What is the thousands digit of 398784054?
4
What is the units digit of 92433280?
0
What is the hundreds digit of 23731645?
6
What is the units digit of 19109997?
7
What is the units digit of 99968392?
2
What is the hundred thousands digit of 79754421?
7
What is the hundred thousands digit of 175750248?
7
What is the ten millions digit of 124881033?
2
What is the hundred thousands digit of 170336072?
3
What is the units digit of 467527188?
8
What is the hundreds digit of 998626534?
5
What is the units digit of 1212312815?
5
What is the hundreds digit of 95604494?
4
What is the thousands digit of 52990130?
0
What is the ten thousands digit of 41083762?
8
What is the tens digit of 498